 94 is divided by k.
18
Let y(z) = z**2 + 64*z + 335. What is the remainder when 272 is divided by y(-60)?
82
Suppose -17*c + 18*c - 75 = -4*u, -u = 4*c - 345. Calculate the remainder when c is divided by 39.
9
Let i = -10 + 32. Let n = -20 + i. Suppose 4*x - 34 - 38 = -s, -5*x - 118 = -n*s. Calculate the remainder when s is divided by 22.
20
Let c(j) = -j**3 + 6*j**2 - 2*j + 57. What is the remainder when c(6) is divided by 24 + 0 - 0/(-1)?
21
Let a(q) = q + 1. Let c be a(-8). Let b(w) = 2*w + 17. Let r(f) = -f**3 + 5*f**2 - f - 3. What is the remainder when r(4) is divided by b(c)?
0
What is the remainder when ((-12)/14)/(-3) - (-614)/7 is divided by 15?
13
Suppose 0 = -83*b + 84*b - 47. What is the remainder when 94 is divided by b?
0
Suppose 39 + 4061 = 100*s. Calculate the remainder when 187 is divided by s.
23
Let s = 388 + -365. What is the remainder when 26*(25/2)/5 is divided by s?
19
Let q(d) = -d**2 + 7*d - 5. Let o be q(5). Let m(a) = 65*a + 2 - 63*a - 5 + 0. Calculate the remainder when 25 is divided by m(o).
4
Suppose 4*r = -d + 9*r + 12, 4*r = d - 16. What is the remainder when 47 is divided by d?
15
Let n(p) = 18*p - 623. Let f = -1 - -6. Calculate the remainder when n(35) is divided by f.
2
Let p = 1713 - 1694. Calculate the remainder when 639 is divided by p.
12
What is the remainder when 26 is divided by (70/42)/(2/(-4))*-3?
6
Let z(v) = -3*v - v**2 + v + 11*v - 3 + v. Let q be z(7). Suppose 4*u - 109 = -3*c, 3*u - 2*c - 121 = -q. Calculate the remainder when u is divided by 8.
7
Let v(t) = t**2 + 12*t. Let c be v(-8). What is the remainder when 8 is divided by 1 - 1 - c/16?
0
Suppose 4*z + 2*d - 29 = -z, 4*z - 14 = 3*d. Let i = 1 - -2. Suppose -2*q = -i*q + 4. What is the remainder when z is divided by q?
1
Let j be -3 + -1*(0 + 15). Let z = j - -20. What is the remainder when (z*30 - 4) + -3 is divided by 14?
11
What is the remainder when 636 is divided by ((-994)/77)/(4/(-22))?
68
Let h = 2557 - 2540. What is the remainder when 2173 is divided by h?
14
Let j(t) = 4*t**2 + 4*t - 4. Let g be j(5). Suppose -2*c - g = -3*r, -4*c + 84 = 2*r - 2*c. What is the remainder when r is divided by 14?
12
Suppose 2*y - 12 = -0. Suppose -3*q - 186 = -y*q. What is the remainder when q is divided by 32?
30
Suppose 29*x + 57*x = 43774. What is the remainder when x is divided by 180?
149
Let l = -1067 - -1077. What is the remainder when 908 is divided by l?
8
Suppose 3*c = 15*m - 17*m + 126, m = 3*c + 45. Calculate the remainder when 112 is divided by m.
55
Let v = 34 + -34. Suppose 0 = 2*z - i - 89, v = 3*z + 2*z - i - 221. What is the remainder when 128 is divided by z?
40
Suppose -2*a + 28 + 48 = 0. Let t = a - 31. Calculate the remainder when 11 is divided by t.
4
Calculate the remainder when 178 is divided by 0 + 20 - (-7 - 0).
16
Suppose 2*z = 5*k - 915, -66*k + 69*k = -5*z + 580. What is the remainder when k is divided by 27?
23
Let t(j) = j - 3. Let i be (-10)/(-10) + (0 - 0). Let n be t(i). Calculate the remainder when (-4)/(n + 0) + 22 is divided by 13.
11
Suppose -30*c = -25*c + 4*h - 70, -c = -3*h + 5. What is the remainder when 39 is divided by c?
9
Let w(x) = x**2 + 6*x + 12. Let p be w(-4). Suppose 0 = p*k - 222 + 90. What is the remainder when 127 is divided by k?
28
Suppose 13*s = -2*s + 3780. What is the remainder when s is divided by 64?
60
Let y(k) = -k + 3. Suppose -4*p = -1 - 11. Let j be y(p). Calculate the remainder when 25/(-1 + 2 + j) is divided by 10.
5
Let m(l) = l**2 + 6*l**2 + 2 - 8*l**2 - l**2 + 9*l**3. Calculate the remainder when m(2) is divided by 17.
15
Suppose -a + 2*m = -14 - 14, -m = 3*a - 63. Calculate the remainder when 261 is divided by a.
19
Suppose 47*q + 5296 = 24895. What is the remainder when q is divided by 34?
9
Suppose 4*o = 2*y - 5*y + 138, 201 = 5*y - 3*o. Let c = y - 17. Suppose 5*j = -0*r - r + 49, 4*j - 16 = 5*r. Calculate the remainder when c is divided by j.
7
Suppose 852 = -313*l + 316*l. What is the remainder when l is divided by 57?
56
Suppose 5*y + 2*r - 8 - 23 = 0, -3*r + 34 = 5*y. Suppose -5*k - y*l - 11 + 101 = 0, -4*k + 77 = 5*l. Calculate the remainder when 142 is divided by k.
12
Suppose 2*w + 152 = 2*n, 2*n - 140 = w + 14. Let g = n - 51. Let l(j) = -2*j**3 - 5*j**2 - 2*j. What is the remainder when g is divided by l(-3)?
12
Let h(l) = -5*l + 87. What is the remainder when 82 is divided by h(14)?
14
Let t(y) = -y + 11. Let i be t(6). Let z = 647 + -647. Suppose 3*r = r + 5*u + 46, z = i*r - u - 69. What is the remainder when r is divided by 4?
1
Calculate the remainder when 13/((-351)/666)*(-12)/8 is divided by 3.
1
Suppose 14*u - 13*u = -92. Let j = 110 + u. Suppose -x = 5*o - 4*o - 39, 2*x = -5*o + 180. Calculate the remainder when o is divided by j.
16
Let m(f) = -f**2 + 8*f + 1. Let d = -15 - -16. Suppose -t + d = -6. What is the remainder when 30 is divided by m(t)?
6
Suppose -676 = -130*u + 117*u. What is the remainder when 166 is divided by u?
10
Suppose 0 = 5*h - 4 - 11. Suppose -h*n - b = -7, -37 = -2*n + 3*b - 14. Suppose -2*p + n = -10. What is the remainder when 20 is divided by p?
6
Let y = -39 - -89. Calculate the remainder when y is divided by -26*2/(4 + -6).
24
Suppose -4*y = 3*u - 412, 4*y + 2*u - 5*u - 436 = 0. Calculate the remainder when 311 is divided by y.
99
Let j(l) = l**3 - 2*l**2 + l + 33. Calculate the remainder when 195 is divided by j(0).
30
Suppose 5*m - 4*d = 167, -7*d = -4*m - 2*d + 130. Let o = -16 - -85. Calculate the remainder when o is divided by m.
34
Let t(s) = 15*s - 15. Suppose 5*d + 3*u - 164 = 0, 2*u - 4 - 2 = 0. Calculate the remainder when t(7) is divided by d.
28
Let i = -19 - -17. Calculate the remainder when 31 is divided by (7/(-2) - 2)/(i/4).
9
Let w be -6 + ((-14)/(-4) - 18/12). Let f(z) = -10*z - 14. Calculate the remainder when 154 is divided by f(w).
24
Let t(h) = -h**2 - 5*h - 7. Let k be t(-3). Let c(b) = 13*b**2 + b - 1. Let x be c(k). Suppose 13*f = x*f + 18. Calculate the remainder when 17 is divided by f.
8
Suppose 3*x - 3*v = 4*x + 15, -5*x = -3*v + 75. Let a = x - -5. Calculate the remainder when (1 - a) + 6/(-2) is divided by 5.
3
Let a(c) = -2*c**3 - 72*c**2 - 3*c - 86. What is the remainder when 56 is divided by a(-36)?
12
Suppose -24 + 192 = 6*j. What is the remainder when j is divided by 20?
8
Calculate the remainder when (-4)/((-4)/27) - 23/(-23) is divided by 20.
8
Suppose -4*g + 714 = s - 9*g, 3*s - 2164 = 4*g. What is the remainder when s is divided by 25?
24
Let l(o) be the third derivative of -o**4/4 + 13*o**3/6 + 5*o**2. Let d = -6 - 4. What is the remainder when l(d) is divided by 19?
16
Let q = 185 - 106. Suppose -u - 205 = -3*o - 39, 2*o - 5*u = 89. Suppose 3*x = 24 + o. What is the remainder when q is divided by x?
25
Let o(x) = 50*x**2 + 14*x + 29. What is the remainder when o(-3) is divided by 20?
17
Calculate the remainder when 103*(-9)/(-18) + (-1)/2 is divided by 18.
15
Let o be (-4)/(-14) + (-2328)/14. Let c = -96 - o. Let j(k) = k**3 + 9*k**2 + 7*k + 10. What is the remainder when c is divided by j(-8)?
16
Suppose -118*o = -114*o + n - 33, 0 = 5*o + 5*n - 45. What is the remainder when 255 is divided by o?
7
Suppose 0 = -2*z + 2*n + 490, 12*z + n - 960 = 8*z. What is the remainder when z is divided by 9?
7
Let s(u) = 9*u**2 - 49*u + 5. What is the remainder when s(7) is divided by 15?
13
Let i = -17 - -8. Let j = i - -20. What is the remainder when 31 is divided by j?
9
Let k = 561 - 510. What is the remainder when k is divided by 4/(12/57) + 0?
13
Let t(k) = 114*k + 47. Calculate the remainder when t(2) is divided by 6.
5
Let t = 15 + -10. Suppose t*b + 16 = 71. Let c = 2 - -2. What is the remainder when b is divided by c?
3
Let o(m) = 2*m**2 - 13*m + 9. Calculate the remainder when o(11) is divided by 30.
18
Let w = -1094 - -1135. Calculate the remainder when 316 is divided by w.
29
Let m = -42 - -64. Let h be (10/20)/(1/m). Suppose -q - h = 2*q - 5*x, 5 = -5*q + 5*x. Calculate the remainder when 5 is divided by q.
2
Let j(f) be the second derivative of 25/2*f**2 - 5*f + 0 - 1/6*f**3. Calculate the remainder when j(11) is divided by 5.
4
Calculate the remainder when 88 is divided by 4*((-247)/(-28) + (-20)/35).
22
Suppose -19 = n - 50. Suppose f + n = 41. What is the remainder when 27 